- 3*u. Let o(x) = -x**3 - x**2 + 4*x. Give o(f).
6
Suppose 3*w - 4 = -4*r, -6*r = -r + 10. Let a(z) = -z**3 + 5*z**2 - z - 1. What is a(w)?
11
Let z = -38 + 48. Let o = -15 + z. Let a(x) = -x**3 - 4*x**2 + 5*x - 1. What is a(o)?
-1
Let j(y) = -2*y + 10. Let m = -313 + 313. Calculate j(m).
10
Suppose 0 = o - 3*q + 5, -5*q = -3*o + 9 - 40. Suppose 0*n - 24 = -2*n. Let f = n + o. Let r(y) = 3*y + 4. Give r(f).
-11
Let w(x) be the first derivative of 19 - 4*x**2 + 1/3*x**3 - 3*x. Give w(7).
-10
Suppose -2*f = -8 + 2. Let d(b) = -6*b + 5*b - 3*b - 2*b. Give d(f).
-18
Let n be (-14)/(-14)*(10/1)/(-1). Let a be 0/(2*(-5)/n). Let j(i) = i**2 + 3. What is j(a)?
3
Let z(p) = -p**3 + 4*p**2 + 6*p - 2. Suppose -4*v = 4*u + 7 - 3, -3*u + v + 5 = 0. Let n = u + 4. Give z(n).
3
Let o(z) = -z**3 - 5*z**2 + 10*z + 10. Let x = 735 + -741. What is o(x)?
-14
Let f(o) be the second derivative of o**4/6 - 19*o**3/6 + o**2/2 - 7*o - 9. What is f(10)?
11
Let m(s) = 3*s - 3. Let j(y) = y - 21. Let r be j(13). Let t be (r/3)/(6/(-9)). Determine m(t).
9
Let w be (-20)/(-9) + (-1)/((-9)/(-2)). Let x(u) = 7*u + 0*u**2 + u**w - 1 - 5*u + 0*u**2. Give x(1).
2
Suppose -u - 2 = -z, z - 10 = -0*u - 3*u. Let y(m) be the third derivative of 0*m - 1/6*m**3 - m**2 - 1/12*m**z + 0. Calculate y(3).
-7
Suppose 2*u = 5*t - 9, 5*u + 5*t + 5 = -0. Let m(b) = -b**3 + b**2 + b. Give m(u).
10
Let b(v) = -5 + 443*v - 448*v - 4. Let n(y) be the first derivative of 15*y**2/2 + 26*y - 1. Let i(r) = -17*b(r) - 6*n(r). What is i(-2)?
7
Suppose 0 = -4*k + r - 0*r - 133, 0 = -2*k + r - 69. Let l = 34 + k. Let j(v) = -4*v - 2 + 3 - 4 - 2*v - v**l. Determine j(-2).
5
Let k be 40/16*12/15. Let y(w) be the second derivative of 1/12*w**4 + 9/20*w**5 + 1/6*w**3 + 7*w - 1/2*w**k + 0. Give y(1).
10
Suppose 3*i - 8*i + 10 = 0. Let c(f) be the first derivative of f**4/6 - f**3/6 - f**2/2 + 19*f + 4. Let m(l) be the first derivative of c(l). Determine m(i).
5
Let u = -32 + 43. Let t(g) = u + 0*g + 0*g + g. What is t(-6)?
5
Let w(q) = 7*q**2. Let n be w(1). Let c(l) = -n - 2 - 2 + 8 + 4*l. Give c(4).
13
Let g(s) be the second derivative of -s**3/6 - 7*s**2 - 5*s + 2. What is g(-13)?
-1
Let q = 4 - 7. Let t be 24/(-9)*q/2. Let i(d) = -d**3 + 4*d**2 + 3*d - 6. Calculate i(t).
6
Let a(o) = -153 + o - 3*o + 0*o - 2*o + 147. Give a(-7).
22
Let p(z) = z**3 - 11*z**2 + 9*z + 13. Let i be p(10). Suppose -c = -i*c. Let g be c*(-4 - (-13)/3). Let j(a) = a**3 - 3. Determine j(g).
-3
Let n(i) = 22*i**2 - 9*i + 19. Let u(v) = -13*v**2 + 4*v - 10. Let j(s) = 3*n(s) + 5*u(s). Determine j(5).
-3
Let k = -7 + 10. Suppose u - 12 = k*d, -4*u = -0*u + 4*d - 16. Let b be (-15)/u + 1/(-2). Let f(m) = m**3 + 3*m**2 + m + 1. Determine f(b).
-2
Let z(u) = 2*u - u + 246 - 246. What is z(-5)?
-5
Let k(o) be the third derivative of -o**6/60 + o**4/8 + o**3/6 + 7517*o**2. Suppose -a = -3 - 7. Suppose 6*v + a = v. Give k(v).
11
Let y = 1 + -3. Let g(x) = 46*x**2 - 20*x**2 - 25*x**2 + 2*x. What is g(y)?
0
Let p(c) = 3*c**3 - 3*c**2 - 6*c + 2. Let w(r) = -r**3 - r**2 - 2*r + 1. Let g(k) = p(k) - 3*w(k). Suppose 0*m = -4*m + 4*y - 16, 5*y = -m + 14. Calculate g(m).
-7
Let w(v) = 9*v + 1. Let u be 0 + (-35)/1 + 2. Let h = u - -34. Determine w(h).
10
Let t(f) = 2*f**2 + 7*f + 5. Let s = -119 - -109. Let z be 1 - (4/2)/((-4)/s). Calculate t(z).
9
Let p = -60 - -64. Let d(m) be the third derivative of 0*m**3 + 5*m**2 + 0 - 1/4*m**p + 0*m. Give d(-1).
6
Let b(q) = q + 10 + 2 + 7. What is b(-15)?
4
Suppose -3*f + 6*f = 24. Let s(n) = -n**3 + 2*n**2. Let l(z) = -3*z**3 - z + 2. Let o(p) = l(p) - 4*s(p). Calculate o(f).
-6
Let s(o) = o + 3. Let t be s(5). Suppose -4*i = i + 2*f - 22, 0 = -2*i + 5*f + 3. Let n(r) = i*r + 2 + 9*r + 1 + r**3 - 14*r - 8*r**2. Determine n(t).
-5
Suppose 2 = c + 1, -4*m = -5*c - 1535. Let i(k) = -379 - k**2 - 5*k + 0*k**2 + m. Let b(w) = -w**3 + 8*w**2 - 9*w + 8. Let r be b(7). What is i(r)?
0
Suppose -12 = 5*g - 9*g. Let q = g + -5. Let s(n) be the third derivative of -n**5/60 - n**4/8 - n**3/3 - 15*n**2. What is s(q)?
0
Suppose 0 = -o + 8 - 5. Let y(h) = 9*h**3 + 13*h**2 - 6*h + 4. Let z(u) = -4*u**3 - 6*u**2 + 3*u - 2. Let l(b) = o*y(b) + 7*z(b). What is l(-3)?
-11
Let g(f) be the first derivative of -f**4/4 + f**3/3 - 7*f**2/2 + 7*f + 591. Determine g(0).
7
Let a be ((-42)/2)/3 + 1. Let r(u) = 2 + 1211*u - 1212*u + 0. Give r(a).
8
Suppose 143*n - 120 = 128*n. Let b(z) = 7*z - z**2 + 0 + 6 - 2. Calculate b(n).
-4
Let a(c) = 2*c + 71. Let p be a(-16). Let r(h) = -p*h**2 + 42*h**2 + 5*h - 7*h - h**3 - 1. What is r(2)?
-1
Let j(i) = 9*i**2 - 2*i - 1. Let m(r) = -2*r**2 + r. Let q(p) = p**2. Let a = -12 - -14. Let t(y) = a*q(y) - m(y). Let n(u) = -3*j(u) + 7*t(u). What is n(0)?
3
Let g(t) be the second derivative of -11*t**4/12 + t**2/2 - 3*t. Let s be -4*(216/(-32) - -7). What is g(s)?
-10
Let l = -1 - -3. Suppose -l = -4*v + 3*v. Let i(x) = 3*x**2 + 3 + x**2 - 3*x**2 - 3*x. Calculate i(v).
1
Let a(l) = -2*l + 12. Let s(c) = -c**2 - 4*c + 5. Let u be s(-5). Suppose u = 10*i - 0*i - 90. Determine a(i).
-6
Let b(l) = -12*l**2 + 33*l + 3. Let w be b(3). Let q(o) = o**2 + o + 1. Let u(y) = -4*y**2 - 10*y + 1. Let h(a) = 3*q(a) + u(a). Calculate h(w).
10
Let p(g) = 145*g**3 + 2*g**2 - 1. Let n be p(-1). Let r be n/10 - 3/5. Let y = -16 - r. Let b(h) = -13*h - 1. Calculate b(y).
12
Let y be 17/(-2) + 2/(-4). Let w = 11 + y. Let k(c) = -c**3 - 4*c**2 + 2*c**3 - w*c**2. Calculate k(6).
0
Let i(p) = -p**3 + 10*p**2 - 3*p + 2. Let o(v) = v**3 - 12*v**2 + 4*v - 2. Let y(r) = 6*i(r) + 5*o(r). Determine y(-2).
6
Let m(w) = -6*w**3 - 6*w**2 + 5. Let u(g) = 2*g**3 - g - 1. Let y(o) = m(o) + u(o). Determine y(-2).
14
Let u be ((-1)/(-4))/(2/24). Suppose 0 = -8*s + u*s - 20. Let i(b) = -b**3 - 3*b**2 + 6*b + 2. Determine i(s).
-6
Let k = -5 + 37. Let z(v) = -k - 4*v**2 - 2*v + 16 - v**3 + 12 - 2*v. Determine z(-4).
12
Let t(r) = -3*r**3 - 6*r**2 - 5. Let u(l) = -10*l**3 - 19*l**2 - 16. Let s = -25 + 38. Let z be 2/s - 28/13. Let n(j) = z*u(j) + 7*t(j). Give n(-4).
-3
Let h(y) = y**2 + 12*y + 12. Let z be h(-11). Let f = -5 + z. Let o be (-1)/2 + 22/f. Let r(x) = x**2 + 6*x + 3. Calculate r(o).
3
Let x(r) be the third derivative of -r**6/120 - r**5/12 + 7*r**4/24 + 3*r**3/2 - r**2 + 5. Give x(-6).
3
Let d(r) be the third derivative of 0*r - 1/2*r**3 + 0*r**4 + 0 + 85*r**2 + 1/60*r**5. Let x = -4 + 8. What is d(x)?
13
Let v(z) be the first derivative of z**5/120 - 17*z**3/3 - 5. Let i(m) be the third derivative of v(m). Determine i(-4).
-4
Let p(h) be the first derivative of h**5/20 + h**4/3 + h**3/2 + h**2 - 10*h + 9. Let g(d) be the first derivative of p(d). Determine g(-3).
2
Let y(w) be the first derivative of 5*w**2/2 - 12*w + 599. Calculate y(4).
8
Let o(g) = -g**2 + 6*g + 6. Suppose 36 - 6 = 5*a. Determine o(a).
6
Let c(j) = 6*j - 2. Suppose k = 199 - 193. Suppose 0 = -a + k*a + 10. Calculate c(a).
-14
Let n(m) = -6*m**2 - 2 + 7 + 5*m**2 - 1 + 6*m. Suppose -v + 9 = -6. Suppose -v = -4*p - r, -5*p + 31 + 9 = -3*r. Calculate n(p).
9
Let p(f) = f. Suppose 5*l = -5*z + 110, -2*z + 4*l - l + 39 = 0. Suppose 3 + z = -3*v + 5*m, -4*v - 5*m = -3. Let n be 8/v*3/2. Give p(n).
-4
Suppose -5*l = -20, -4*l - 1 = -0*f - f. Let d(x) = -29*x**2 + f*x**2 + 22*x**2 + 1. Calculate d(1).
11
Let q = -378 - -2273/6. Let k(x) be the second derivative of -q*x**3 + 0 + 1/2*x**2 - 4*x. Determine k(-1).
6
Suppose 0*u - 7*u - 18 = -2*m, -8 = -4*m. Let l(k) = 11*k + 26. Calculate l(u).
4
Let o(i) = 3*i - 36. Suppose 6*z - 11*z + 60 = 5*l, 2*z - 4*l = 36. Give o(z).
6
Let m be 9 + -26 + (-4)/(-2). Let a be (4 - -2)*(-5)/m. Let w(n) = -3*n + 5*n**2 - n - 3*n**2 + 3*n. What is w(a)?
6
Let j(h) be the first derivative of 3*h**4/4 + h**3/3 - h**2/2 + 423. Give j(1).
3
Suppose -4 = -0*f + f. Let i(v) be the third derivative of v**6/360 + v**5/30 + v**4/12 + 5*v**2. Let k(l) be the second derivative of i(l). What is k(f)?
-4
Suppose -9*w - 150 = -4*w. Let u be (-1)/(5/w) - 0. Let k(m) = -2*m + 9. Determine k(u).
-3
Let p(j) = j**3 + 7*j**2 + 7*j + 8. Let g = 50 + -35. Let o = g - 21. Calculate p(o).
2
Suppose 0 = 2*y + 22 - 8. Let r(o) be the first derivative of o**2/2 + 9*o + 1. What is r(y)?
2
Let v(l) = 0 - 85*l**3 + 2*l - 3 - l**2 + 86*l**3. Suppose 4*y - 4*p